2
What is the remainder when 13893 is divided by 24?
21
Calculate the remainder when 831 is divided by 475.
356
What is the remainder when 12531 is divided by 3?
0
What is the remainder when 1392 is divided by 87?
0
Calculate the remainder when 4165 is divided by 118.
35
What is the remainder when 69396 is divided by 9?
6
What is the remainder when 15748 is divided by 15737?
11
What is the remainder when 9997 is divided by 36?
25
Calculate the remainder when 4816 is divided by 2381.
54
Calculate the remainder when 1063 is divided by 862.
201
What is the remainder when 28177 is divided by 8?
1
What is the remainder when 52421 is divided by 4751?
160
Calculate the remainder when 4369 is divided by 61.
38
Calculate the remainder when 1154 is divided by 1.
0
What is the remainder when 4514 is divided by 30?
14
Calculate the remainder when 694063 is divided by 16.
15
What is the remainder when 779 is divided by 243?
50
Calculate the remainder when 81564 is divided by 43.
36
Calculate the remainder when 44860 is divided by 240.
220
What is the remainder when 923100 is divided by 84?
24
What is the remainder when 6212 is divided by 84?
80
What is the remainder when 69748 is divided by 27?
7
What is the remainder when 7890 is divided by 115?
70
What is the remainder when 97909 is divided by 170?
159
Calculate the remainder when 73457 is divided by 66.
65
What is the remainder when 580628 is divided by 43?
42
What is the remainder when 28175 is divided by 1484?
1463
What is the remainder when 349 is divided by 304?
45
Calculate the remainder when 146988 is divided by 146.
112
Calculate the remainder when 6560 is divided by 364.
8
Calculate the remainder when 8895 is divided by 49.
26
What is the remainder when 33702 is divided by 6739?
7
Calculate the remainder when 58448 is divided by 175.
173
Calculate the remainder when 647023 is divided by 109.
108
Calculate the remainder when 6826 is divided by 44.
6
Calculate the remainder when 100588 is divided by 97.
96
Calculate the remainder when 518 is divided by 316.
202
What is the remainder when 752 is divided by 67?
15
Calculate the remainder when 309609 is divided by 103199.
12
What is the remainder when 3561 is divided by 99?
96
What is the remainder when 12209 is divided by 787?
404
What is the remainder when 25630 is divided by 319?
110
What is the remainder when 1779132 is divided by 39?
30
Calculate the remainder when 90292 is divided by 101.
99
What is the remainder when 807 is divided by 184?
71
Calculate the remainder when 716359 is divided by 594.
589
What is the remainder when 577 is divided by 101?
72
Calculate the remainder when 5970 is divided by 451.
107
What is the remainder when 1003 is divided by 234?
67
What is the remainder when 77654 is divided by 9?
2
What is the remainder when 48243 is divided by 6?
3
What is the remainder when 304966 is divided by 161?
32
What is the remainder when 4045 is divided by 403?
15
What is the remainder when 18483 is divided by 42?
3
What is the remainder when 283519 is divided by 79?
67
What is the remainder when 12469 is divided by 86?
85
Calculate the remainder when 20520 is divided by 51.
18
Calculate the remainder when 2621853 is divided by 31.
28
What is the remainder when 737098 is divided by 91?
89
Calculate the remainder when 1647 is divided by 790.
67
What is the remainder when 2020 is divided by 203?
193
Calculate the remainder when 1231242 is divided by 250.
242
What is the remainder when 11279 is divided by 1022?
37
Calculate the remainder when 10021 is divided by 160.
101
Calculate the remainder when 3418684 is divided by 104.
100
Calculate the remainder when 31920 is divided by 819.
798
Calculate the remainder when 296269 is divided by 296267.
2
What is the remainder when 1561 is divided by 714?
133
Calculate the remainder when 303734 is divided by 142.
138
Calculate the remainder when 307140 is divided by 307124.
16
What is the remainder when 108303 is divided by 28?
27
What is the remainder when 6584 is divided by 515?
404
Calculate the remainder when 14698 is divided by 334.
2
What is the remainder when 1207 is divided by 135?
127
What is the remainder when 601241 is divided by 14?
11
What is the remainder when 65677 is divided by 10941?
31
What is the remainder when 25173 is divided by 13?
5
What is the remainder when 1265 is divided by 212?
205
What is the remainder when 4902 is divided by 5?
2
What is the remainder when 2340415 is divided by 116?
115
What is the remainder when 1004660 is divided by 10?
0
Calculate the remainder when 102845 is divided by 7344.
29
What is the remainder when 443869 is divided by 149?
147
What is the remainder when 50532 is divided by 802?
6
What is the remainder when 1197 is divided by 572?
53
What is the remainder when 833669 is divided by 13?
5
Calculate the remainder when 1655 is divided by 138.
137
What is the remainder when 8429 is divided by 741?
278
Calculate the remainder when 84214 is divided by 1650.
64
Calculate the remainder when 238 is divided by 55.
18
Calculate the remainder when 23232 is divided by 11611.
10
Calculate the remainder when 14892 is divided by 438.
0
What is the remainder when 5686248 is divided by 25?
23
What is the remainder when 3333470 is divided by 143?
140
Calculate the remainder when 1195841 is divided by 132870.
11
What is the remainder when 841575 is divided by 3757?
7
Calculate the remainder when 21615 is divided by 12.
3
Calculate the remainder when 1471 is divided by 92.
91
What is the remainder when 70346 is divided by 23437?
35
Calculate the remainder when 161664 is divided by 36.
24
What is the remainder when 79574 is divided by 572?
66
What is the remainder when 1388 is divided by 395?
203
What is the remainder when 76450 is divided by 19112?
2
What is the remainder when 68746 is divided by 484?
18
What is the remainder when 52964 is divided by 353?
14
Calculate the remainder when 69261 is divided by 223.
131
What is the remainder when 179 is divided by 130?
49
What is the remainder when 712835 is divided by 20?
15
What is the remainder when 684 is divided by 346?
338
What is the remainder when 24466 is divided by 33?
13
What is the remainder when 21618 is divided by 10780?
58
What is the remainder when 196315 is divided by 386?
227
Calculate the remainder when 17917 is divided by 17688.
229
Calculate the remainder when 430 is divided by 328.
102
Calculate the remainder when 13532 is divided by 36.
32
Calculate the remainder when 88068 is divided by 44032.
4
Calculate the remainder when 5128 is divided by 244.
4
What is the remainder when 924513 is divided by 732?
729
What is the remainder when 1965 is divided by 58?
51
Calculate the remainder when 3557 is divided by 1293.
971
Calculate the remainder when 97614 is divided by 48804.
6
Calculate the remainder when 22835 is divided by 22835.
0
Calculate the remainder when 335349 is divided by 8.
5
What is the remainder when 7310 is divided by 7040?
270
Calculate the remainder when 154869 is divided by 17.
16
What is the remainder when 55024 is divided by 221?
216
What is the remainder when 3186 is divided by 99?
18
What is the remainder when 328455 is divided by 11?
6
Calculate the remainder when 55040 is divided by 69.
47
Calculate the remainder when 29929 is divided by 583.
196
Calculate the remainder when 1781 is divided by 5.
1
What is the remainder when 70365 is divided by 63?
57
What is the remainder when 1322 is divided by 130?
22
Calculate the remainder when 92593 is divided by 15.
13
What is the remainder when 1517 is divided by 675?
167
What is the remainder when 54548 is divided by 141?
122
What is the remainder when 1750 is divided by 581?
7
What is the remainder when 73254 is divided by 407?
401
What is the remainder when 169998 is divided by 10?
8
Calculate the remainder when 3981 is divided by 124.
13
What is the remainder when 418686 is divided by 243?
240
What is the remainder when 8492 is divided by 248?
60
What is the remainder when 1421 is divided by 166?
93
What is the remainder when 25469 is divided by 30?
29
What is the remainder when 19081 is divided by 9494?
93
Calculate the remainder when 2953 is divided by 431.
367
What is the remainder when 1432 is divided by 449?
85
Calculate th